(-14)/18)/(31/279). Give k(c).
-5
Let c(f) = 2*f**3 + 3*f**2 + 4*f + 3. Suppose -5*q = -0*q + 65. Let b(o) = o**2 + 12*o - 15. Let t be b(q). Give c(t).
-9
Let v = 1952 + -1945. Let p(i) = -3*i + 16. Give p(v).
-5
Let u(a) = -6*a**2 - a. Let o be 3 + (1 - (-76)/4). Let n = 29 - o. Let h be (-1 + -2)*(-2)/n. Give u(h).
-7
Suppose 6 = -5*b + 2*r, b - 12 = 2*b - 4*r. Let q(w) = -w**3 - w**2 - w - 26. Calculate q(b).
-26
Let y(g) = 0 + 188*g**3 - g**2 + 1 - 5*g**2 - 189*g**3 + 5*g. Give y(-7).
15
Suppose -2*d + 35 = -5*o - 150, -4*o + 4*d - 136 = 0. Let t = o - -37. Let x(n) = n**2 + n + 1. Give x(t).
3
Let a(t) = 26 - 4*t**2 - 19*t + 0*t**2 - 6*t + 3*t**2. Let i be a(-26). Let q(h) be the second derivative of -h**4/12 + h**3/6 - 5*h**2/2 - h. Calculate q(i).
-5
Let h(f) be the first derivative of f**2/2 + 11*f + 159. Determine h(-7).
4
Let q(b) = -92*b + 91*b + 14 - 6. Let p = 2 - -6. What is q(p)?
0
Let b(g) = -28*g**3 - 2*g**2 + 1. Let c = -9 + 16. Suppose 0 = -c*f + 3*f - 4. Calculate b(f).
27
Let n be 5/(-10)*8/(-2). Let q(v) = -4*v**2 + 2*v**2 + v**2 - n*v + 1. Suppose -o - f = -0*f + 3, 14 = 2*o - 2*f. What is q(o)?
-7
Let t(p) be the third derivative of p**4/12 + 22*p**3/3 + 132*p**2 + p. Calculate t(-21).
2
Suppose 6*u + u = 5*u. Let t(d) = -4 + 10*d**3 - 2*d - 9*d**3 + d + d**2. Give t(u).
-4
Let c = -23 + 28. Let k(p) = 11*p**2 + 3 - 12*p**2 - c*p + 2*p**2. What is k(4)?
-1
Let f(s) be the first derivative of s**4/12 - s**3/6 + s**2 + 22*s + 13. Let l(a) be the first derivative of f(a). Calculate l(2).
4
Let i(p) = -2*p. Let j be 11/5 + 4/(-20). Let h be -6 - -9 - j/(-2). Suppose 5*c - h*c + 1 = 0. Determine i(c).
2
Let m(q) be the third derivative of -q**6/120 - q**5/15 + 5*q**4/24 + 7*q**3/6 - 189*q**2. Calculate m(-5).
7
Let y(h) = -h**3 - h**2 - h + 10. Let b(c) be the third derivative of c**5/60 + 3*c**2. Let r be b(0). Suppose r = -n + 5*n. What is y(n)?
10
Let z(u) = -u**3 + 5*u**2 + 4*u + 1. Suppose -3*n + k = -2*n + 19, -2*n = 2*k + 30. Let b(w) = -w - 11. Let l be b(n). What is z(l)?
-11
Suppose -5*k - 2*a - 12 = -42, -3*k = 3*a - 27. Suppose k*l = 3 - 23. Let p(s) = s**3 + 5*s**2 - s - 1. Let q be p(l). Let t(f) = 2*f - 3. Determine t(q).
5
Let x(t) = 2*t**2 + 8*t - 5. Let s = -1176 - -1170. What is x(s)?
19
Suppose -3*u + 2*x = -3*x - 16, -4*x - 29 = 3*u. Let y(v) = 64*v + 22. Let h(k) = 18*k + 6. Let l(m) = -7*h(m) + 2*y(m). Calculate l(u).
-4
Let r(d) = -5*d + 14. Let z(c) = -3*c + 10. Let b(m) = 5*r(m) - 7*z(m). What is b(3)?
-12
Let t(k) = 2*k**2 + k + 1. Let g be (96/(-40) + 2)/(2/10). Determine t(g).
7
Let n be (-54)/(-90) + 37/5. Let i(q) = q**2 - 11*q + 14. What is i(n)?
-10
Suppose 4*l = -w + 17 + 11, -4*w = 16. Let z(t) = t - 17. Give z(l).
-9
Let u(q) = -23*q + 60. Let x(t) = -2*t + 5. Let a(p) = -2*u(p) + 22*x(p). Calculate a(7).
4
Let l be (-2)/(-9) - (-2822)/(-306). Let k(u) = u + 16. Calculate k(l).
7
Let k(u) be the third derivative of -u**5/60 - 7*u**4/24 - 6*u**2. Let t be k(-7). Let y(j) = -j**2 - j - 14. Give y(t).
-14
Let u(k) = -8*k**2 + 8*k - 6. Let m be 1 + 4 + (1 - 2)/(-1). Let z(r) = -7*r**2 + 7*r - 5. Let n(f) = m*u(f) - 7*z(f). Give n(-1).
1
Suppose b - 18 = d, 4*b - d = -5*d + 56. Let s be ((-119)/21)/1*-3. Suppose -b = -4*m + 4*z, -2*m + s - 7 = -4*z. Let w(k) = -k**2 + 1. Give w(m).
-8
Let z(t) = 13*t - 38. Let g(r) = 5*r - 20. Let b(n) = -5*g(n) + 2*z(n). Calculate b(-13).
11
Let d(k) be the second derivative of 0 - 7/2*k**2 - 1/6*k**3 - 13*k. Determine d(-7).
0
Suppose 5*f + 0 = z - 14, -3*f = 4*z - 102. Suppose -17*b + z = -9*b. Let t(q) = q + 5*q**3 - 4*q**3 - 2*q**2 + 2 + 2. Calculate t(b).
16
Let n(o) be the first derivative of 2*o**3/3 + 3*o**2 - 25*o + 21. Let w be n(-5). Let p(t) = t + 9. Calculate p(w).
4
Let y = 39 - 31. Let w(o) = -4*o**3 + 8 + 3*o**3 + y*o - 7*o - 6*o**2. Give w(-6).
2
Let p(b) = -3*b - 12. Let u be p(-5). Let v(i) = i**2 - 3*i**2 + 228*i - 118*i - 111*i + i**3 - 3. Calculate v(u).
3
Let v(n) = n**3 - 16*n**2 + 10. Let z(g) = -g**2 - 5*g + 22. Let m be z(-6). What is v(m)?
10
Let b(m) = -m**2 - 4. Let t(d) = -2*d. Let c(i) = -b(i) - 3*t(i). Calculate c(-5).
-1
Let l(c) = -c**2 - 4*c + 3. Let d be ((-2)/8 - 2)/(2/56). Let p = d - -57. Calculate l(p).
-9
Let g(a) be the first derivative of -a**2/2 - 30*a + 778. What is g(-21)?
-9
Let v = -49 - -47. Let f(b) = 2*b. Determine f(v).
-4
Suppose 2*h = 2*o, -5*h + 3*o - 4 = 4. Let w(d) = 141*d - 133*d - 1 - d**2 - 11*d. Give w(h).
-5
Let u be (0 - (4 + -6)) + (-4 - -1). Let b(o) = 2*o**2 - o - 1. What is b(u)?
2
Suppose 0 = n - 1 - 2. Let j(b) be the third derivative of b**5/120 - b**4/8 - b**3/6 + 9*b**2. Let p(v) be the first derivative of j(v). What is p(n)?
0
Let r(v) be the second derivative of -v**4/12 + v**3/6 - v**2/2 - 3*v. Let s = 13 - 13. Suppose -m = -s*m. What is r(m)?
-1
Let s(n) = -3*n + 2. Let u(o) = 2*o**2 + 5*o + 2. Let c be u(-5). Let i = c - 22. Let r(j) = j**3 - 5*j**2 - 2. Let y be r(i). What is s(y)?
8
Let w(b) = 0*b**2 + 7*b**2 - b**2 - 5*b**2 - 12 + 4*b + 0*b**2. Calculate w(-6).
0
Let q(s) = -2*s. Let a be q(-3). Let g be 1/((6/2)/a). Let r(b) = 3*b**2 + b + 1. Calculate r(g).
15
Let r(p) be the third derivative of p**5/60 + p**4/4 - p**3/3 - p**2 - 29*p. Let d = -18 - -11. Give r(d).
5
Suppose 90*x = 119*x + 145. Let i(y) = -y**3 - 5*y**2 - y - 6. Calculate i(x).
-1
Let q(k) = 7*k + 9. Let p(o) = o + 2. Let m(z) = 6*p(z) - q(z). Calculate m(2).
1
Suppose -4*g - 10 = -18. Let u(o) = -1 + g - o + 1 + 3*o. What is u(2)?
6
Suppose -5*g + g + 3*b = -5, 4*g = 4*b + 8. Let u(z) = 16*z - 10. Let k(r) = r - 1. Let c(v) = g*u(v) + 12*k(v). Give c(-4).
14
Let j(v) be the first derivative of -v**3/3 + v**2 + v + 3. Let p be j(-1). Let u(c) = -2*c - 2*c**2 + 4 + 2 - 3 - 2. What is u(p)?
-3
Suppose 7*l + 96 = 13*l. Suppose -5*g - 14 = l. Let q(f) = -f - 7. Give q(g).
-1
Let u = -1839 - -1847. Let j(n) = -5*n + 4. What is j(u)?
-36
Let y(i) be the second derivative of i**3/6 + 5*i**2 + 3*i + 22. What is y(-8)?
2
Let k(l) = -l**2 + 2*l - 1. Suppose 5*r = 20, -2*a - 8 = -r - 30. Suppose 6 = -7*q + a. Determine k(q).
0
Suppose 3*z = 4*z - 15. Let n = z + -22. Let a = n + 12. Let c(r) = r - 8. Calculate c(a).
-3
Let w be (-52)/20 - 78/(-130). Let o(v) = -3*v**2 - v + 2. Calculate o(w).
-8
Let l(u) be the third derivative of u**6/120 + u**5/20 - u**4/4 + u**3/6 - 3*u**2 - 18. Determine l(-4).
9
Let a(o) be the first derivative of -23 - 1/2*o**2 - 4*o - 1/3*o**3. What is a(0)?
-4
Let n(h) = -3*h - 7. Suppose -39*u + 36*u + 15 = 0. Let a(x) = -3*x - 6. Let o(r) = u*n(r) - 6*a(r). Let y(c) = c**2 - 5*c - 3. Let s be y(6). Calculate o(s).
10
Let i(w) = -5. Let q(g) = -1. Let a(k) = i(k) - 4*q(k). Let x(y) = -3*y**2 - y + 4. Let n(u) = -6*a(u) - x(u). What is n(2)?
16
Suppose -d = -3*t - 4*d + 15, -2*d = 5*t - 28. Let c(u) = -3*u**2 + 7*u + 1. Let f(g) = -13*g**2 + 29*g + 3. Let s(v) = 9*c(v) - 2*f(v). Give s(t).
-3
Let u(y) = -y**2 + 5*y. Let i be u(3). Let a(l) = -2*l**3 + 2*l**2 - 9*l**2 + 2 - i*l - 1 + l**3. Determine a(-6).
1
Suppose q = -q. Let c(m) = 3*m**2 - 3*m + 21. Let j(b) = -4*b**2 + 4*b - 30. Let g(z) = -7*c(z) - 5*j(z). Calculate g(q).
3
Let m(a) = 5*a + 6. Let i = -213 + 207. Give m(i).
-24
Let h(s) = 2*s. Let l(t) = t**2 - 3*t - 3. Let z be l(6). Suppose 3*q - c - 30 = 2*c, -2*q + c + z = 0. Suppose 11 = q*r - 14. What is h(r)?
10
Let m(l) = l**3 + 3*l**2 + 2*l - 1. Let q(s) = s. Let x(h) = -m(h) + 5*q(h). Suppose 0 = -3*d - 41 - 10. Let a = d + 13. What is x(a)?
5
Let x(h) = -5*h**2 + 20*h - 3 + 23*h - 11*h**3 - 7*h**3 + 17*h**3 - 47*h. Suppose -4*v + 1 = -4*y - 3, 5*y + 45 = -5*v. Calculate x(v).
-3
Suppose -n + m - 3 = -2*n, -12 = -4*n - 2*m. Let s(f) = -f**2 + 5*f + 3. What is s(n)?
9
Let f be (10/55 - (-540)/(-66)) + 3. Let r(m) = m**3 + 5*m**2 - m. Determine r(f).
5
Let p = -8 - -19. Let c(r) = r**3 - 12*r**2 + 12*r + 5. Determine c(p).
16
Suppose 74 = 18*v - 16. Let t(o) = o**2 - 3*o + 3. Calculate t(v).
13
Suppose w = -1 - 2. Let t(a) = -2*a**3 - 6*a**2 - 9*a - 4 - 29*a + 4*a**2 + a**3 + 35*a. Calculate t(w).
14
Let h(l) = -2*l - 15. Let v(j) = 5*j + 112. Let s be v(-25). Determine h(s).
11
Let k(g) = -g + 2. Let u(c) = c**3 + 9*c**2 - 2*c - 11. Let s be u(-9). Suppose -4*l + 7*l - 5*t = 100